= 5*y - 2*y + 255, 2*y - 411 = -x*b. What is the units digit of b?
3
Suppose 9664076 = 218*g + 942768. What is the hundreds digit of g?
0
Let v = 14008 + -4227. What is the hundreds digit of v?
7
What is the thousands digit of (530/(-3))/((-14)/(-16905)*-7)?
0
Let o = 433 - 721. Let y = o + 686. Suppose 4*g + 2*v - y = 0, 37 - 245 = -2*g - 4*v. What is the units digit of g?
8
Let p(s) = 3466*s - 7085. What is the units digit of p(14)?
9
Let r be (129680/2)/8*4/10. Suppose r = 5*s + 632. What is the tens digit of s?
2
Let y = -220 + 190. Let i(f) = -18*f + 232. What is the tens digit of i(y)?
7
Let w be (3/(-2))/3*0. Let l be (-4*19 - 3) + w. Let n = -21 - l. What is the units digit of n?
8
What is the hundreds digit of 12 + (1 + -5 - 5) + 8045?
0
Suppose 4*w - 2*w - 233 = -5*i, 4*i - w - 176 = 0. Suppose -f = -3*d + i, 5*d = 4*f - 48 + 130. Let g(p) = p**2 - 6*p - 27. What is the tens digit of g(d)?
8
Suppose -3*t + 6*z = 10*z + 12, 9 = -2*t - 3*z. Let n = 1 - -5. Suppose 2*s - 2*w + 360 = n*s, -2*s + 4*w + 160 = t. What is the tens digit of s?
8
Suppose f - 5*f - 2*a - 15742 = 0, 3*a = -9. What is the tens digit of (-14)/35 + f/(-10)?
9
Let c(h) = -35*h**3 + 12*h**2 + 30*h + 70. What is the tens digit of c(-7)?
5
Let m be (-117)/(-36) + 1/(-4). Suppose m*k + 12 = 7*k. Let u(o) = 8*o**3 + 2*o**2 + 3*o - 8. What is the units digit of u(k)?
5
Let k be ((-49)/2)/(3/114). Let h = 1312 + k. What is the units digit of h?
1
What is the hundreds digit of (-36320)/(-20) - (5 - 2*-1)?
8
Let u(s) = -6*s - 6. Let q be u(9). Let z = 432 + -465. Let x = z - q. What is the units digit of x?
7
Suppose -61 = 4*u + g - 2*g, 0 = -3*u - 4*g - 60. Let j = 21 + u. Suppose j*m = -42 + 332. What is the units digit of m?
8
Suppose 295 = 5*v - d, 5*v - 7*d + 10*d = 295. Suppose 66*i - v*i = 8624. What is the tens digit of i?
3
Suppose 0 = -23*u + 6*u - 0*u + 13617. What is the units digit of u?
1
Suppose -5*x = 3*a - 29, 3*a - 2*a = 5*x - 37. What is the units digit of x + -3 - 8 - -548?
4
Let y = 156 - 154. Let a(s) be the first derivative of s**3 - s**2 + 4*s - 4. What is the units digit of a(y)?
2
Suppose -3 = -4*g + 5*g, 276 = w + 2*g. Let j be 2 + (2 - (-4)/(-2)). Suppose j*b = -b + w. What is the units digit of b?
4
Let y(u) = 1019*u**2 + 7*u - 62. What is the units digit of y(-6)?
0
Let u(g) = 406*g**3 + 2*g**2 - 2*g + 23. What is the hundreds digit of u(3)?
9
Suppose -k = 2*p + 488, -7*p - 1217 = -2*p + k. Let a = p - -356. What is the units digit of a?
3
Let z(w) = -11*w - 55. Let t be z(-6). Suppose -9*u - 166 = -t*u. What is the units digit of u?
3
Let z(u) = 2*u**3 + 37*u**2 - 17*u + 44. Let r be z(-19). Suppose -r*w + 1844 = -2380. What is the units digit of w?
4
Let n(v) = v**3 - 10*v**2 + 20*v - 8. Let q be n(8). Let i(s) = -5*s**2 - q*s + 0*s**2 + 4*s**2. What is the hundreds digit of i(-16)?
1
Suppose -x - 45 = o, -164 = 4*x - o + 36. Let v = 47 + x. What is the tens digit of -14*(1510/(-280) + v/(-8))?
7
Suppose -2*d + 8 = -4*m, 64 = -4*m + 44. Let r(a) = -3*a**3 - 9*a**2 - 3*a + 9. What is the hundreds digit of r(d)?
3
Let a(h) = 104*h**2 - h + 49. What is the thousands digit of a(6)?
3
Let k(x) = -x**2 + 21*x - 31. Let m be k(14). Let z be -3 + (1 - 1) + m. Suppose -z = 5*h - 6*h. What is the tens digit of h?
6
Let j = -23942 - -35255. What is the ten thousands digit of j?
1
What is the ten thousands digit of 81/(-756) + 13593240/224?
6
Let s(u) = -63*u + 6*u + 12 - 46*u. What is the units digit of s(-3)?
1
Suppose 5*x - 15*x = -8920. Suppose -4*z + x = -440. What is the units digit of z?
3
Let z be ((-28)/(-7))/(2 + 0). Suppose 4 = 2*r + 2*r - z*v, 0 = -3*r + 5*v + 10. What is the units digit of 2 + (1 + 118 - r)?
1
Let b = -610 + 610. Suppose 0 = 3*g + 3*t - 1272 - 2580, b = -5*g + t + 6444. What is the hundreds digit of g?
2
Let g be 3 - ((-314)/8)/((-3)/(-12)). Let j be (-414)/(-4)*g/30. Suppose -2*i = -4*q - 232, -5*i + 3*q = -0*i - j. What is the units digit of i?
8
What is the hundreds digit of -5 - ((-4178)/(-5))/(4/(-140))?
2
Let h(x) = x**2 + 2*x + 1. Let t be h(-1). Suppose t*n + 8*n = 48. Suppose n*g = 371 + 343. What is the tens digit of g?
1
Let x(g) = -18*g - 4. Let j be x(-2). Let o = 68 - j. Suppose -o = -m - 0. What is the units digit of m?
6
Suppose 58*h = 61*h + 3*c - 30213, 0 = -5*c - 10. What is the ten thousands digit of h?
1
Let n be (-8)/12 - (-4)/6. Suppose -4*o = -5*l + o - 55, 4*o - 4 = n. What is the tens digit of (-40)/3*(l - -1)/3?
4
Let m(n) = -2*n + 131. Let g be m(22). Let v = g + 574. What is the units digit of v?
1
Suppose 4*d + 1128 = 3056. Suppose 5*g = d + 298. What is the tens digit of g?
5
Let v be 3 - 0 - ((8 - 4) + -90). Suppose j - 38 = v. Suppose 2*n - j = -3*y + n, 4 = 4*n. What is the tens digit of y?
4
Let q = 1453 + -678. Let r = 1594 - q. What is the tens digit of r?
1
Let t = -64 - -71. Suppose 931 = t*d + 147. Suppose i - d + 25 = 0. What is the units digit of i?
7
Suppose -30*i + 270264 = 5*r - 29*i, 3*r = -i + 162160. What is the tens digit of r?
5
Suppose -42723 + 4652 = -11*v. Suppose -q = 1, v = 3*t - 6*q + 4*q. What is the hundreds digit of t?
1
Let a = -7133 - -9847. What is the thousands digit of a?
2
Let r(n) = n - 391. Let b be r(0). What is the units digit of 0 - b - 6/(-4)*-2?
8
Suppose 0 = 2*h - 4*r - 12, -h + 5*r + 7 + 5 = 0. Suppose h*x = 3*x + l + 3, 2*l = -3*x - 4. Suppose -x*f + 170 + 136 = 0. What is the hundreds digit of f?
1
Let j(d) = d - 2. Let o be j(4). Let x be (-396)/(-110)*(0 - -2 - -78). What is the tens digit of o + 0 - (15 - x)?
7
What is the units digit of (1/6)/(21/6378183) - (-6)/(-4)?
9
Suppose 4*r - 3*r + 14116 = 4*b, 0 = r - 4. Suppose -3516 = -5*w + 4*j + 2379, -3*w = -j - b. What is the tens digit of w?
7
Let f(i) = 34*i**2 + 69*i + 839. What is the hundreds digit of f(-13)?
6
Let x(i) = 2*i**3 - 8*i**2 + 4*i - 7. Let g be x(5). Suppose g*b - 71*b + 1496 = 0. What is the tens digit of b?
8
Let u(d) = 10*d**2 + 2*d**2 - 3*d**2 + d**3 - 8. Suppose 5812*l - 5831*l - 114 = 0. What is the hundreds digit of u(l)?
1
Let y(l) = l + 4. Let g be y(-1). Let a(q) = -13*q**2 + 3*q - 2. Let i be a(g). Let w = -17 - i. What is the units digit of w?
3
Suppose 0 = -5*j - 5*t + 26355, 3*t = 102*j - 104*j + 10540. What is the thousands digit of j?
5
Let p(n) = n**3 - n**2 + n + 180. Let r be p(0). Suppose -309*i = -306*i - 936. Let f = i - r. What is the hundreds digit of f?
1
Suppose 4 = -2*d - 4. Let i = -5055 + 5100. What is the tens digit of d/10 + 4068/i + 3?
9
Let q(z) = -3*z**3 + 20*z**2 - 91*z - 1574. What is the units digit of q(-25)?
6
Let r be (-1)/((-38)/4) - 4862/(-19). Let s = -57 + r. What is the units digit of s?
9
Let j = -42 - -46. Suppose -j*s + 83 + 1637 = 0. What is the hundreds digit of s?
4
Let y be 6/(-8) + 18/24. Suppose 67 = -l - f - 2*f, l - 4*f + 60 = y. Let p = 111 - l. What is the hundreds digit of p?
1
Suppose -7*l = -12*l + 9495. Suppose -3*c - 2*n = -l, 0*n + 1899 = 3*c + n. Let q = c - 336. What is the hundreds digit of q?
2
Let i = -126 + 151. Suppose -1 = 2*f - i. What is the units digit of f?
2
Let j(u) be the first derivative of 67*u**2/2 + 50. Suppose -2*m + 1 = 5*w - 2*w, 3*m - 10 = 4*w. What is the tens digit of j(m)?
3
Let v(k) = 30*k**2 + 13*k + 27. Let p be v(-6). Suppose -2*z + 0*z - 5*d + p = 0, -z + 507 = 4*d. What is the tens digit of z?
2
Suppose -i = 5*y - 72, 0 = -4*i - 3*y + 395 - 73. Suppose -44*h = -39*h. Suppose h = -g + 2 + i. What is the tens digit of g?
8
Let x be -12*(-5)/10 - -1312. Let q = x - 583. What is the hundreds digit of q?
7
Suppose -1292852 = -175*j + 2075877 - 24129. What is the tens digit of j?
1
Let v = -75 + 208. Let n = -92 + v. Let p = 55 - n. What is the units digit of p?
4
Let y(u) = 575*u + 259. What is the tens digit of y(14)?
0
What is the hundreds digit of (642573/(-135))/(21/(-70))?
8
Let f(j) = -43*j**3 + 17*j**2 + 83*j + 22. What is the units digit of f(-7)?
3
Let s = -27 + 45. Suppose -b - 4*w + s = 0, -3*w = -b - 0*w - 10. Suppose b*r = -3*r + 50. What is the units digit of r?
0
Suppose -32632 = -2*s - 32650. Let d(l) be the first derivative of l**3 + 5*l**2 + 11*l + 2. What is the tens digit of d(s)?
6
What is the units digit of ((-17136)/80)/((81/120)/(-9))?
6
Suppose -55*u + 1435512 = 